inder when 4/2*z/4 is divided by 33.
24
What is the remainder when 1/(-3)*(-869 + -109) is divided by 61?
21
Suppose -743*i = -222*i - 449623. Calculate the remainder when i is divided by 8.
7
Let k(a) be the third derivative of a**5/40 - a**3 - 2*a**2. Let t(b) be the first derivative of k(b). What is the remainder when 45 is divided by t(4)?
9
Let s = -244 - -220. What is the remainder when ((-4)/s)/(-4 + 18075/4518) is divided by 42?
41
Suppose -23*m - 5*m = -1232. Calculate the remainder when 166 is divided by m.
34
Let n be 27/((-38)/20 + 2). Suppose -13*z = 2*z - n. Calculate the remainder when 140 is divided by z.
14
Calculate the remainder when 11712/21 + 490/(-686) is divided by 47.
40
Let w(d) = d**3 + 7*d**2 + 5*d + 14. Let j be w(-6). Calculate the remainder when 57 is divided by 10/(-25) - (-308)/j.
12
Let t(p) = -p**2 - 16*p - 14. Let v be t(-15). Let z be v/6 - 1825/(-30). Let s = -29 + z. What is the remainder when 127 is divided by s?
31
Calculate the remainder when 748 is divided by 5 + -1 + 220 + 12 + -8.
64
Let w(a) = a**3 + 57*a**2 + 43*a - 75. Calculate the remainder when w(-56) is divided by 95.
83
Let c = -2832 + 3004. Calculate the remainder when c is divided by 2.
0
Let f = 17 - 16. Suppose -b + 20 = f. Calculate the remainder when b is divided by 8.
3
Let q = 10905 - 10084. What is the remainder when q is divided by 6?
5
Let x = -2085 - -2151. Let s(a) = 11*a - 20. What is the remainder when x is divided by s(5)?
31
Let c(x) = -15*x + 34. Let i be c(3). What is the remainder when 191 is divided by 17721/363 - (6/i)/3?
44
Let k be 4/46 + (3345/(-115) - -7). Let z = 66 + -26. Let i = z + k. What is the remainder when i is divided by 2?
0
Suppose -3*v - 9*a = -8*a - 81, 0 = v - a - 23. Suppose v*s - 23*s - 15 = 0. Calculate the remainder when 58 is divided by s.
3
Let l(w) = -2*w**3 - 27*w**2 + 43*w + 687. Calculate the remainder when 601 is divided by l(-14).
39
Suppose 1278 = 21*k + 396. Calculate the remainder when 123 is divided by k.
39
Suppose 5*c - 155 = -4*t, 5*c - 91 = -5*t + 59. Suppose b - 11 = c. What is the remainder when 182 is divided by b?
44
Suppose -52*v + 1911 = -13*v. Calculate the remainder when v is divided by 9.
4
Let o be 492/9 - -4 - (-2)/(-3). Suppose 0 = 4*p + 274 - o. Calculate the remainder when 80 is divided by p*3*3/(-18).
26
Let s = -596 - -650. Suppose 3*p = 4*k - 1 - s, 0 = -2*p - 2. Suppose 2*u + 5*z - 18 - 3 = 0, 0 = -3*z + 3. What is the remainder when k is divided by u?
5
Let h be (-4)/8*(2 + -1368). Let i = h + -569. What is the remainder when i is divided by 9?
6
Let n be (2 + -3)*(52 - -1). What is the remainder when 18 is divided by (-1 - 1)/(-5 - n/11)?
7
Suppose 0 = -y + 2*y - 61. Let w(n) = 5 + 34*n + y*n + 5 - 80*n. Calculate the remainder when w(3) is divided by 30.
25
Suppose -584 - 367 = 3*l. Let z = -273 - l. What is the remainder when 109 is divided by z?
21
Suppose -5*u + 3*b = -15542, -4*u - b + 12472 = 3*b. Calculate the remainder when u is divided by 9.
7
Suppose -4*t - 3*h = 0, 2*t = -5*h + 4 - 18. Let m(s) = s**2 + 6*s - 10 - 7*s + t*s. What is the remainder when 73 is divided by m(-7)?
23
Suppose 37393 = 246*h - 110945. What is the remainder when h is divided by 299?
5
Let j(l) = l**3 - 5*l**2 - 5*l - 4. Let h be j(6). Calculate the remainder when -8*h*(-10)/4 is divided by (-21)/(-51 + 28 + 20).
5
What is the remainder when 90*7/(-315)*-15 is divided by ((-32)/6)/((-6)/18)?
14
Suppose 875 - 587 = 8*d. What is the remainder when 667 is divided by d?
19
Let c(s) = -10*s + 33. Let d(a) = a**2 + 4*a + 6. Let j be d(-8). Suppose -j*b = -42*b - 28. Calculate the remainder when c(b) is divided by 26.
25
Let y = -1594 + 1637. What is the remainder when 1197 is divided by y?
36
Let d be (-4 + 0)*(-2 + -5)*26. Let o = -721 + d. What is the remainder when 36 is divided by o?
1
Let w be ((-9)/(-36))/((-2)/(-24)). Suppose -3 - w = -m. What is the remainder when (-3)/6 + 9/m is divided by 1?
0
What is the remainder when -1219*(12 + (-232)/20)/(2/(-5)) is divided by 24?
19
Let p = 1645 + -1634. Calculate the remainder when 1757 is divided by p.
8
Let f(l) = 149*l - 2558. What is the remainder when 396 is divided by f(18)?
24
Suppose -76 = -2*a - 2*a. Let u(v) = -2*v**2 + 16*v + 46. What is the remainder when u(8) is divided by a?
8
Suppose -4*i = -4*w - 996, 0*w - i - 513 = 2*w. Let a be 11695/(-25) + 8/10. Let o = w - a. What is the remainder when o is divided by 27?
24
Suppose -53*x - 8461 = -45667. Calculate the remainder when x is divided by 30.
12
Suppose -m + 272 = 4*w + 2*m, 5*w - 340 = 2*m. Let c = -1607 + 1625. What is the remainder when w is divided by c?
14
Calculate the remainder when (-10270)/(-25) - (24/(-10))/2 is divided by 268.
144
Let c = -62438 + 62787. Calculate the remainder when c is divided by (-2)/(-3) - 62/(-6).
8
Let k = 185 - -69. What is the remainder when k is divided by 26?
20
Let l(j) be the third derivative of 0 - 1/4*j**4 - 7/30*j**5 - 3*j**3 + 29*j**2 + 1/120*j**6 + 0*j. What is the remainder when l(15) is divided by 30?
27
Let b = -11730 + 11798. What is the remainder when 8090 is divided by b?
66
Suppose 283*r - 406*r - 7310 = -209*r. Calculate the remainder when 551 is divided by r.
41
What is the remainder when 16543 is divided by (-23950)/(-125) - (-4)/10 - (5 + -1)?
187
Let r = 220 + -234. Let f(i) = -2*i**2 - 29*i - 12. What is the remainder when 8 is divided by f(r)?
0
Suppose 2*a - 7*a = 5. Let r be 30 + -25 + 2/(a*2). Suppose 5*n = r*c - 8 - 49, -3*c + 60 = 2*n. Calculate the remainder when 50 is divided by c.
14
Suppose g = 6*g - 70. Calculate the remainder when (-132)/(-5) + (1 - g/10) is divided by 14.
12
Let w(q) = -q**3 - q**2 - 2*q - 8. Let y be w(4). Suppose -5*k - 2*h = h - 540, 3*k - 324 = -5*h. Calculate the remainder when k is divided by (-3*2/18)/(2/y).
12
Let s(m) = -2169*m - 4194. What is the remainder when 831 is divided by s(-2)?
111
Let g(l) = l + 17. Let m be g(-7). Let x(u) = -u**2 + 14*u - 20. Let a(f) = 2*f**2 + 115*f + 194. What is the remainder when a(-57) is divided by x(m)?
17
Let k(j) = 2*j**2 + 2*j - 21. Let t be k(9). Suppose -t*v - 316 = -163*v. Let y = -22 - -32. What is the remainder when v is divided by y?
9
Let s be (-1445)/(-10) + 2/(-4). Suppose -2*l - 7*l + s = 0. Let j = 16 - -31. What is the remainder when j is divided by l?
15
Let z be 75/45*-2*(-27)/30. Suppose 0 = a + z*n + 3 + 5, -3*a = -4*n - 41. Calculate the remainder when 101 is divided by a.
3
Let c be (30 - 37)*(-4)/7. Suppose -9*q + 2*l = -7*q - 676, -c*l = -8. Calculate the remainder when q is divided by 38.
36
Suppose 2*j = 2*r + 6752, 5 + 3 = 4*r. What is the remainder when j is divided by 21?
18
Suppose -290 = -4*l - 310, 1 = t + 5*l. Calculate the remainder when 822 is divided by t.
16
Suppose -d + 5*d - 64 = 0. Let s(o) = 3*o**3 - 39*o**2 + 98*o + 154. Calculate the remainder when s(4) is divided by d.
2
Suppose -2665*y + 2673*y - 1720 = 0. What is the remainder when 2363 is divided by y?
213
Let m(o) = 43*o + 174. Let i be m(-10). Let g = -251 - i. Calculate the remainder when 32 is divided by g.
2
Suppose -5*p + 561 = -4*m, 0*m + m = -3*p + 323. What is the remainder when p is divided by ((88/220)/((-2)/3))/(12/(-460))?
17
Let k = -104 - -117. Suppose 4*j + h = -j + 16, 3*h = 4*j - 28. Suppose -2*u - 81 = -2*p - 3*u, -3*p = j*u - 129. What is the remainder when p is divided by k?
0
Suppose 0 = 2*m - 0*m - 52. Suppose 0 = -13*b + 3*b + 379 + 61. Calculate the remainder when b is divided by m.
18
Suppose 53*n = 9*n + 8*n + 12780. Calculate the remainder when n is divided by 26.
17
Suppose 0*z + 10*z + 1725 = 10055. Calculate the remainder when 860 is divided by z.
27
Let a(y) = -2*y**2 - 28*y - 20. Let b be a(-14). Let i = 101 - b. Calculate the remainder when i is divided by 25.
21
Let d = -8889 + 9184. What is the remainder when d is divided by 97?
4
What is the remainder when ((-51440)/(-640))/(((-3)/(-1))/24) is divided by 54?
49
Let a = -25653 - -26496. What is the remainder when 2554 is divided by a?
25
Let i(v) = -3*v + 39. Let y be i(11). Suppose 2*m + 3*x = 53 + 21, -185 = -5*m + x. Calculate the remainder when m is divided by (-9)/(-6)*((-24)/y - -18).
16
Let o = 15 + -7. Let k(t) = -13*t**2 - 484*t - 83. Calculate